7c9d
In base 4, what is -103110 - 32112203?
-32221313
In base 12, what is 1306919 - 3?
1306916
In base 8, what is -25023717 + 16?
-25023701
In base 2, what is 1010101001101 - -100010111000?
1111000000101
In base 14, what is -11a9986 - 7?
-11a998d
In base 7, what is -146245 - 1155?
-150433
In base 7, what is -36233 + -1002?
-40235
In base 6, what is 213423003 - 1?
213423002
In base 9, what is 344670 - 12?
344657
In base 9, what is 2622366 + 7?
2622374
In base 11, what is 146553 - 13?
146540
In base 13, what is c + -255805?
-2557c6
In base 5, what is -30212 + -122224411?
-122310123
In base 8, what is 4740560 + 0?
4740560
In base 14, what is -29 - 35274a?
-352775
In base 5, what is 14 + -1114231312?
-1114231243
In base 7, what is 245316 - 1436?
243550
In base 10, what is 3 - -7385657?
7385660
In base 2, what is -1010000111100001011 - 11100?
-1010000111100100111
In base 12, what is -559468b1 - 1?
-559468b2
In base 14, what is -197a9 + -11c?
-198c7
In base 3, what is -11000221 + -10112010?
-21120001
In base 2, what is -1010110101 - -1100111000110?
1011100010001
In base 6, what is 5 + -32442154?
-32442145
In base 3, what is 12101201220 + 100?
12101202020
In base 8, what is 60213 + 41?
60254
In base 15, what is 125e - 2b7?
e97
In base 5, what is 1 + -2202434120?
-2202434114
In base 8, what is 16314 - 30631?
-12315
In base 9, what is 112 - -620743?
620855
In base 11, what is 16873642 + -1?
16873641
In base 4, what is -1101 - 2011100?
-2012201
In base 16, what is -180 - -1c0f0c?
1c0d8c
In base 16, what is 43 + -3e956?
-3e913
In base 3, what is -10122122012021212 + -12?
-10122122012022001
In base 7, what is 2622 - 12106?
-6154
In base 11, what is -179 - -524402?
524234
In base 5, what is 11444 - -110201?
122200
In base 15, what is 3 - 5d5594?
-5d5591
In base 9, what is -4 - -5014582?
5014577
In base 15, what is -1 + 1b863ac?
1b863ab
In base 14, what is -76a805 - -4?
-76a801
In base 6, what is 302052024 - -121?
302052145
In base 10, what is -19104 + 27107?
8003
In base 11, what is -2a5803a2 - 4?
-2a5803a6
In base 8, what is -5254357 - -20?
-5254337
In base 14, what is -4484d6 + 11?
-4484c5
In base 5, what is -20 + -1324120144?
-1324120214
In base 7, what is -41030 - 234555?
-305615
In base 14, what is -1b82c - 311?
-1bb3d
In base 11, what is 72 - 119a?
-1128
In base 2, what is -10010 - -11100101100110010001?
11100101100101111111
In base 7, what is -3 - 120302615?
-120302621
In base 3, what is -2 + 200011110112000?
200011110111221
In base 5, what is 4120432310 - -3?
4120432313
In base 3, what is -112212202121 + -111001?
-112220020122
In base 12, what is -5 - 247137?
-247140
In base 12, what is -1 + -130358?
-130359
In base 3, what is -122 + 122222022221211?
122222022221012
In base 8, what is -735445627 + -3?
-735445632
In base 11, what is -23580 + -25?
-235a5
In base 4, what is 300311 - -1121?
302032
In base 3, what is 2101200100 + -200100?
2101000000
In base 4, what is -1211122 + -1232331?
-3110113
In base 2, what is 10110000110110 + 110001111000?
11100010101110
In base 5, what is 114 - -10031433324?
10031433443
In base 13, what is bb68a - -c?
bb699
In base 13, what is 1006 + -23567?
-22561
In base 6, what is -2410321 - -433?
-2405444
In base 3, what is 1102121022222021 - 1211?
1102121022220110
In base 10, what is -1452 - 4158?
-5610
In base 3, what is 10110110002 + 1020200?
10111200202
In base 12, what is 10849401 - -6?
10849407
In base 7, what is -25346 + 366125?
340446
In base 6, what is -4 - 242230533?
-242230541
In base 13, what is 12c + -13227?
-130c8
In base 2, what is 10001111 + 10100110100011111111?
10100110100110001110
In base 5, what is -30403 + 211333?
130430
In base 12, what is 4 - 1196440a?
-11964406
In base 5, what is -2 - -331024122?
331024120
In base 7, what is -5 - 220103324?
-220103332
In base 14, what is -4 + 43488b?
434887
In base 10, what is -1643 - -22997?
21354
In base 6, what is -5004441133 - 5?
-5004441142
In base 15, what is 348237 + -5?
348232
In base 5, what is -121404 - -21312300?
21140341
In base 2, what is -110001011111101001001111 - -1000?
-110001011111101001000111
In base 16, what is 35c + 32f?
68b
In base 6, what is 40304523 - -13?
40304540
In base 3, what is 2121102020000201 - -10?
2121102020000211
In base 11, what is -15003a00 + -6?
-15003a06
In base 10, what is 34 - -675319?
675353
In base 12, what is -31 + -498b5b?
-498b90
In base 14, what is -1169aa85 + 4?
-1169aa81
In base 16, what is 10d4475 + -5?
10d4470
In base 8, what is 4 - -1511347?
1511353
In base 7, what is 1114544361 + -15?
1114544343
In base 8, what is 3270 + -60074?
-54604
In base 4, what is -2211223031 - -1?
-2211223030
In base 4, what is 21323131 + 1130?
21330321
In base 6, what is -11314 - 325515?
-341233
In base 11, what is 0 + 40436732?
40436732
In base 15, what is eb2c9 - -29e?
eb578
In base 9, what is -4 - -100411324?
100411320
In base 16, what is 11b5d2 - 1f?
11b5b3
In base 4, what is -3 - 33020202311?
-33020202320
In base 11, what is 140158aa - 5?
140158a5
In base 2, what is -100111110101100 - -1010001011100?
-11101101010000
In base 3, what is 0 - -12011210020012?
12011210020012
In base 10, what is 4 + 3312217?
3312221
In base 13, what is 10b6 + 117485?
11856b
In base 4, what is 33200213 - 1013?
33133200
In base 15, what is b577d5 - 6?
b577ce
In base 8, what is -234 - 1361770?
-1362224
In base 15, what is -a - b43310?
-b4331a
In base 10, what is -9313 + -5067?
-14380
In base 5, what is -40 + -4124112432?
-4124113022
In base 11, what is 541 - -1131a?
11860
In base 2, what is 10011000011100110011111 - 101?
10011000011100110011010
In base 9, what is 4 + -34667816?
-34667812
In base 11, what is 24807a7 - a?
2480798
In base 10, what is -616720 + 0?
-616720
In base 3, what is 21101212 + 212121?
22021110
In base 2, what is 10110001011011000 + -1010110000100?
10100110101010100
In base 10, what is -405 - 40311?
-40716
In base 13, what is 5 - 588476?
-588471
In base 7, what is 4 + 605505314?
605505321
In base 12, what is -20 + -19b7640?
-19b7660
In base 7, what is -1012 - 64144315?
-64145330
In base 16, what is -27 + -393e?
-3965
In base 3, what is 1200 - -110212222001201?
110212222010101
In base 13, what is -bc + 694c20?
694b31
In base 16, what is 1c61ec6 - 4?
1c61ec2
In base 9, what is 6331 - 474?
5746
In base 8, what is -255 + 214375?
214120
In base 11, what is 251 + 24574a?
2459a0
In base 7, what is 5 + -31334330?
-31334322
In base 7, what is 22012 + -2014?
16665
In base 9, what is -5654682 + -12?
-5654704
In base 4, what is -301213 + -2123101?
-3030320
In base 10, what is 2 + -14098175?
-14098173
In base 10, what is -2012 - 4263?
-6275
In base 12, what is -134387b + 28?
-1343853
In base 3, what is 10111112120122001 + -1?
10111112120122000
In base 6, what is 104221 - -321331?
425552
In base 5, what is -3 + 200303223?
200303220
In base 12, what is 7 - 65382998?
-65382991
In base 11, what is -166a3248 - -1?
-166a3247
In base 15, what is -a702eb + -1?
-a702ec
In base 15, what is 8ce394 - 11?
8ce383
In base 15, what is -46aa9c7 + 2?
-46aa9c5
In base 14, what is -24 - a63147?
-a6316b
In base 10, what is -14417552 - 0?
-14417552
In base 9, what is 246 - 1288?
-1042
In base 15, what is 1 + -15d6b2b?
-15d6b2a
In base 11, what is -3a1330 - 9?
-3a1339
In base 13, what is 38a4 + -33a?
3567
In base 10, what is -147258293 - 3?
-147258296
In base 3, what is 11010 - -2102201120100?
2102201201110
In base 15, what is -2532a + 35d?
-24ebc
In base 2, what is -101110100101001000010100 + -10?
-101110100101001000010110
In base 13, what is 2991 - 516?
2478
In base 14, what is -32440 - 87b?
-32cbb
In base 8, what is 56127444 + 5?
56127451
In base 15, what is bea6b + -c?
bea5e
In base 12, what is 2715b - 128?
27033
In base 11, what is -8a1 + 46873?
45a82
In base 8, what is -762 + 47772?
47010
In base 4, what is -221010 + 133001300?
132120230
In base 9, what is 376 + 63823?
64310
In base 16, what is 24806 + 48?
2484e
In base 10, what is 10733687 - -67?
10733754
In base 9, what is 10 - -4415513?
4415523
In base 15, what is 6b7a + -517?
6663
In base 10, what is -25672 - 162?
-25834
In base 7, what is 513446240 + 14?
513446254
In base 10, what is -1862198 + -113?
-1862311
In base 12, what is 13 + 393254?
393267
In base 7, what is -344365 - -135?
-344230
In base 6, what is 1